{"id":142,"date":"2022-11-20T14:33:10","date_gmt":"2022-11-20T13:33:10","guid":{"rendered":"http:\/\/yigs.ch\/home\/?page_id=142"},"modified":"2024-03-17T19:19:41","modified_gmt":"2024-03-17T18:19:41","slug":"team-und-menschen","status":"publish","type":"page","link":"https:\/\/yigs.ch\/home\/grundausbildung-yigs\/team-und-menschen\/","title":{"rendered":"Team und Menschen"},"content":{"rendered":"\n<p style=\"margin-top:var(--wp--preset--spacing--40);margin-bottom:var(--wp--preset--spacing--40)\">Die fachliche Verantwortung und Gesamtleitung der Grundausbildung liegen bei Karin Arquisch und Corinne Leemann. Gastreferentinnen erg\u00e4nzen das Team in einzelnen Bl\u00f6cken. Nach Bedarf werden weitere externe Dozent:innen eingeladen. Das Ausbildungsteam stellen wir hier kurz vor:<\/p>\n\n\n\n<div class=\"wp-block-columns is-layout-flex wp-container-core-columns-is-layout-28f84493 wp-block-columns-is-layout-flex\">\n<div class=\"wp-block-column is-layout-flow wp-block-column-is-layout-flow\" style=\"flex-basis:33.33%\">\n<div class=\"wp-block-columns is-layout-flex wp-container-core-columns-is-layout-28f84493 wp-block-columns-is-layout-flex\">\n<div class=\"wp-block-column is-layout-flow wp-block-column-is-layout-flow\">\n<figure class=\"wp-block-image aligncenter size-full\"><img loading=\"lazy\" decoding=\"async\" width=\"200\" height=\"267\" src=\"http:\/\/yigs.ch\/wp-content\/uploads\/Ariane-Gerber.webp\" alt=\"\" class=\"wp-image-157\"\/><figcaption class=\"wp-element-caption\">Ariane Gerber<\/figcaption><\/figure>\n<\/div>\n\n\n\n<div class=\"wp-block-column is-layout-flow wp-block-column-is-layout-flow\">\n<figure class=\"wp-block-image aligncenter size-full\"><img loading=\"lazy\" decoding=\"async\" width=\"200\" height=\"267\" src=\"http:\/\/yigs.ch\/wp-content\/uploads\/Cornelia-Knuchel.webp\" alt=\"\" class=\"wp-image-158\"\/><figcaption class=\"wp-element-caption\">Cornelia Knuchel<\/figcaption><\/figure>\n<\/div>\n<\/div>\n<\/div>\n\n\n\n<div class=\"wp-block-column is-layout-flow wp-block-column-is-layout-flow\" style=\"padding-right:var(--wp--preset--spacing--30);padding-left:var(--wp--preset--spacing--30);flex-basis:66.66%\">\n<h5 class=\"wp-block-heading has-vivid-cyan-blue-color has-text-color\" style=\"text-transform:none\">Ariane Gerber und Cornelia Knuchel<\/h5>\n\n\n\n<p style=\"margin-top:0;margin-right:0;margin-bottom:0;margin-left:0\">sind die urspr\u00fcnglichen Initiantinnen des Projekts. Sie haben lange von dieser Ausbildung getr\u00e4umt und haben sich engagiert daf\u00fcr eingesetzt, dass diese Ausbildung stattfindet. Sie sind Kursteilnehmerinnen und absolvieren aktuell die Ausbildung. Ariane ist auch verantwortlich f\u00fcr die Produktion von Lehrvideos in Geb\u00e4rdensprache.<\/p>\n<\/div>\n<\/div>\n\n\n\n<div class=\"wp-block-columns is-layout-flex wp-container-core-columns-is-layout-28f84493 wp-block-columns-is-layout-flex\">\n<div class=\"wp-block-column is-layout-flow wp-block-column-is-layout-flow\" style=\"flex-basis:33.33%\">\n<figure class=\"wp-block-image aligncenter size-full\"><img loading=\"lazy\" decoding=\"async\" width=\"200\" height=\"267\" src=\"http:\/\/yigs.ch\/wp-content\/uploads\/Karin-Arquisch.webp\" alt=\"\" class=\"wp-image-155\"\/><figcaption class=\"wp-element-caption\">Karin Arquisch<\/figcaption><\/figure>\n<\/div>\n\n\n\n<div class=\"wp-block-column is-layout-flow wp-block-column-is-layout-flow\" style=\"padding-right:var(--wp--preset--spacing--30);padding-left:var(--wp--preset--spacing--30);flex-basis:66.66%\">\n<h5 class=\"wp-block-heading has-vivid-cyan-blue-color has-text-color\" style=\"text-transform:capitalize\">Karin Arquisch<\/h5>\n\n\n\n<p class=\"has-link-color wp-elements-e34673fa95c2845fcd8b525045bf7a35\" style=\"margin-top:0;margin-right:0;margin-bottom:0;margin-left:0\">lebt und wirkt in der N\u00e4he von Chur. Aus Neugier hat sie vor 15 Jahren ihre erste Yoga Lektion besucht und seither praktiziert sie regelm\u00e4ssig. Sie hat 2014 eine Grundausbildung absolviert und danach die Yoga University in Villeret besucht. Ihr Yoga Stil ist vom traditionellen Hatha Yoga gepr\u00e4gt. Es ist ihr wichtig, dass Yoga nicht nur auf der Matte stattfindet, sondern auch in den Alltag integriert wird. Mehr Informationen unter:<br><strong><a href=\"http:\/\/www.yogazone.ch\">www.yogazone.ch<\/a><\/strong><\/p>\n<\/div>\n<\/div>\n\n\n\n<div class=\"wp-block-columns is-layout-flex wp-container-core-columns-is-layout-28f84493 wp-block-columns-is-layout-flex\">\n<div class=\"wp-block-column is-layout-flow wp-block-column-is-layout-flow\" style=\"flex-basis:33.33%\">\n<figure class=\"wp-block-image aligncenter size-full\"><img loading=\"lazy\" decoding=\"async\" width=\"200\" height=\"267\" src=\"http:\/\/yigs.ch\/wp-content\/uploads\/Corinne-Leemann.webp\" alt=\"\" class=\"wp-image-151\"\/><figcaption class=\"wp-element-caption\">Corinne Leemann<\/figcaption><\/figure>\n<\/div>\n\n\n\n<div class=\"wp-block-column is-layout-flow wp-block-column-is-layout-flow\" style=\"padding-right:var(--wp--preset--spacing--30);padding-left:var(--wp--preset--spacing--30);flex-basis:66.66%\">\n<h5 class=\"wp-block-heading has-vivid-cyan-blue-color has-text-color\" style=\"margin-top:0;margin-right:0;margin-bottom:0;margin-left:0;padding-top:0;padding-right:0;padding-bottom:0;padding-left:0;text-transform:capitalize\">Corinne Leemann<\/h5>\n\n\n\n<p class=\"has-link-color wp-elements-b33d84467f0c4e71c467198585a7c6fe\" style=\"margin-top:0px;margin-right:0px;margin-bottom:0px;margin-left:0px\">lebt und wirkt in der N\u00e4he von Schaffhausen. Sie hat eine Ausbildung als Integrative Beraterin und Coach ibp absolviert und mit der Zusatzqualifikation Supervision abgeschlossen. In ihrer Arbeit bezieht sie stets K\u00f6rper und Atmung mit ein, nutzt dies als Ressource f\u00fcr Entwicklung und das Bewegen von individuellen Themen. Sie hat langj\u00e4hrige Erfahrung in K\u00f6rper- und Atemarbeit. Mehr Informationen unter: <br><strong><a href=\"https:\/\/corinneleemann.ch\">corinneleemann.ch<\/a><\/strong><\/p>\n<\/div>\n<\/div>\n\n\n\n<div class=\"wp-block-columns is-layout-flex wp-container-core-columns-is-layout-28f84493 wp-block-columns-is-layout-flex\">\n<div class=\"wp-block-column is-layout-flow wp-block-column-is-layout-flow\" style=\"flex-basis:33.33%\">\n<figure class=\"wp-block-image aligncenter size-full\"><img loading=\"lazy\" decoding=\"async\" width=\"200\" height=\"267\" src=\"http:\/\/yigs.ch\/wp-content\/uploads\/Sonja-Kuriger.webp\" alt=\"\" class=\"wp-image-159\"\/><figcaption class=\"wp-element-caption\">Sonja Kuriger<\/figcaption><\/figure>\n<\/div>\n\n\n\n<div class=\"wp-block-column is-layout-flow wp-block-column-is-layout-flow\" style=\"padding-right:var(--wp--preset--spacing--30);padding-left:var(--wp--preset--spacing--30);flex-basis:66.66%\">\n<h5 class=\"wp-block-heading has-vivid-cyan-blue-color has-text-color\" style=\"text-transform:none\">Sonja Kuriger<\/h5>\n\n\n\n<p class=\"has-link-color wp-elements-6cb04af34b658354a6a7b822adc6ab3e\" style=\"margin-top:0;margin-right:0;margin-bottom:0;margin-left:0\">kommt aus einer Familie, in der seit drei Generationen Yoga praktiziert wird und ist selber seit 2004 als Yogalehrerin t\u00e4tig. Nach ihrer Ausbildung in Gesundheitspsychologie, Fitness und heilkundlich orientierter Yogatherapie hat sie sich auf die physische und psychische Stressbew\u00e4ltigung und Entspannung spezialisiert. F\u00fcr sie ist die innere Ruhe und Gelassenheit der Schl\u00fcssel zur Gesundheit und Fr\u00f6hlichkeit. Mehr Informationen unter: <br><strong><a href=\"http:\/\/somya.ch\">www.somya.ch<\/a><\/strong><\/p>\n<\/div>\n<\/div>\n\n\n\n<div class=\"wp-block-columns is-layout-flex wp-container-core-columns-is-layout-28f84493 wp-block-columns-is-layout-flex\">\n<div class=\"wp-block-column is-layout-flow wp-block-column-is-layout-flow\" style=\"flex-basis:33.33%\">\n<figure class=\"wp-block-image aligncenter size-full\"><img loading=\"lazy\" decoding=\"async\" width=\"200\" height=\"267\" src=\"http:\/\/yigs.ch\/wp-content\/uploads\/susann_arreghini.webp\" alt=\"\" class=\"wp-image-405\"\/><figcaption class=\"wp-element-caption\">Susann Arreghini<\/figcaption><\/figure>\n<\/div>\n\n\n\n<div class=\"wp-block-column is-layout-flow wp-block-column-is-layout-flow\" style=\"padding-right:var(--wp--preset--spacing--30);padding-left:var(--wp--preset--spacing--30);flex-basis:66.66%\">\n<h5 class=\"wp-block-heading has-vivid-cyan-blue-color has-text-color\" style=\"text-transform:none\">Susann Arreghini<\/h5>\n\n\n\n<p class=\"has-link-color wp-elements-fb872be496f70901b87ba53cf4f416d8\" style=\"margin-top:0;margin-right:0;margin-bottom:0;margin-left:0\">unterrichtet seit neun Jahren Yoga und hat ihre Ausbildung an der Yoga University Villeret abgeschlossen. Zurzeit l\u00e4sst sie sich bei Lama Tenzin Kalden zur Meditationsleiterin ausbilden. Neben dem Yoga bietet sie Massagen an. Was ihr besonders an ihrer Arbeit gef\u00e4llt, ist Menschen zu begleiten und zu erfahren wie diese beim Yoga oder bei einer Massage in ihre Ruhe zur\u00fcck finden. Mehr Informationen unter: <br><strong><a href=\"http:\/\/www.talumai.ch\" target=\"_blank\" rel=\"noreferrer noopener\">www.talumai.ch<\/a><\/strong><\/p>\n<\/div>\n<\/div>\n\n\n\n<div class=\"wp-block-columns is-layout-flex wp-container-core-columns-is-layout-28f84493 wp-block-columns-is-layout-flex\">\n<div class=\"wp-block-column is-layout-flow wp-block-column-is-layout-flow\" style=\"flex-basis:33.33%\">\n<figure class=\"wp-block-image aligncenter size-full\"><img loading=\"lazy\" decoding=\"async\" width=\"200\" height=\"267\" src=\"http:\/\/yigs.ch\/wp-content\/uploads\/Denise-Ledermann.webp\" alt=\"\" class=\"wp-image-172\"\/><figcaption class=\"wp-element-caption\">Denise Ledermann<\/figcaption><\/figure>\n<\/div>\n\n\n\n<div class=\"wp-block-column is-layout-flow wp-block-column-is-layout-flow\" style=\"padding-right:var(--wp--preset--spacing--30);padding-left:var(--wp--preset--spacing--30);flex-basis:66.66%\">\n<h5 class=\"wp-block-heading has-vivid-cyan-blue-color has-text-color\" style=\"text-transform:none\">Denise Ledermann<\/h5>\n\n\n\n<p style=\"margin-top:0;margin-right:0;margin-bottom:0;margin-left:0\">unterst\u00fctzt das Ausbildungsteam mit der \u00dcbersetzung von Texten und Unterlagen von Deutsch in DSGS. Gemeinsam mit Ariane Gerber produziert sie Geb\u00e4rdensprachvideos und stellt so die Zug\u00e4nglichkeit der theoretischen Grundlagen in Geb\u00e4rdensprache sicher.<\/p>\n<\/div>\n<\/div>\n\n\n\n<div class=\"wp-block-columns is-layout-flex wp-container-core-columns-is-layout-28f84493 wp-block-columns-is-layout-flex\">\n<div class=\"wp-block-column is-layout-flow wp-block-column-is-layout-flow\" style=\"flex-basis:33.33%\">\n<figure class=\"wp-block-image aligncenter size-full\"><img loading=\"lazy\" decoding=\"async\" width=\"200\" height=\"267\" src=\"http:\/\/yigs.ch\/wp-content\/uploads\/Laura_Setz.webp\" alt=\"\" class=\"wp-image-573\"\/><figcaption class=\"wp-element-caption\">Laura Setz<\/figcaption><\/figure>\n<\/div>\n\n\n\n<div class=\"wp-block-column is-layout-flow wp-block-column-is-layout-flow\" style=\"padding-right:var(--wp--preset--spacing--30);padding-left:var(--wp--preset--spacing--30);flex-basis:66.66%\">\n<h5 class=\"wp-block-heading has-vivid-cyan-blue-color has-text-color\" style=\"text-transform:none\">Laura Setz<\/h5>\n\n\n\n<p style=\"margin-top:0;margin-right:0;margin-bottom:0;margin-left:0\">Ist die erste geh\u00f6rlose Physiotherapeutin der Schweiz. Sie schliesst ihr Studium im September 2023 ab und unterst\u00fctzt die angehenden Yoginis mit ihrem Wissen \u00fcber Anatomie, K\u00f6rperhaltung und Bewegung. Laura freut sich, ihr Fachwissen und die Grundlagen \u00fcber &#171;Mensch und Anatomie&#187; weiterzugeben. Als Geh\u00f6rlose bringt Laura ausserdem ihre Erfahrung ein, wie man alle Sinne und den taktilen Input nutzen kann, um Bewegungen zu erforschen und K\u00f6rper zu verstehen.<\/p>\n<\/div>\n<\/div>\n\n\n\n<div class=\"wp-block-columns is-layout-flex wp-container-core-columns-is-layout-28f84493 wp-block-columns-is-layout-flex\">\n<div class=\"wp-block-column is-layout-flow wp-block-column-is-layout-flow\" style=\"flex-basis:33.33%\">\n<figure class=\"wp-block-image aligncenter size-full\"><img loading=\"lazy\" decoding=\"async\" width=\"200\" height=\"267\" src=\"http:\/\/yigs.ch\/wp-content\/uploads\/Volker_Moritz.webp\" alt=\"\" class=\"wp-image-574\"\/><figcaption class=\"wp-element-caption\">Volker Moritz<\/figcaption><\/figure>\n<\/div>\n\n\n\n<div class=\"wp-block-column is-layout-flow wp-block-column-is-layout-flow\" style=\"padding-right:var(--wp--preset--spacing--30);padding-left:var(--wp--preset--spacing--30);flex-basis:66.66%\">\n<h5 class=\"wp-block-heading has-vivid-cyan-blue-color has-text-color\" style=\"text-transform:none\">Volker Moritz<\/h5>\n\n\n\n<p class=\"has-link-color wp-elements-a4d141ee5acd2feac13fbc7ed1b66cde\" style=\"margin-top:0;margin-right:0;margin-bottom:0;margin-left:0\">Arbeitet als Sexologe und Psychologe in eigener Praxis in Amsterdam, Niederlande und lebt im Seminarzentrum Schweibenalp in Brienz, Schweiz. Er wurde von Emilie Conrad als Continuum Lehrer und Wellsprings Practitioner autorisiert. Auch hat er sich in verschiedenen Methoden der K\u00f6rperarbeit vertieft, unter anderem bei den Maoris in Neuseeland. Volker glaubt an die Kraft der Natur, liebt die Stille der Meditation und vermittelt sein Wissen gerne mit Tiefe und Leichtigkeit. Mehr Informationen unter: <\/p>\n\n\n\n<p class=\"has-link-color wp-elements-0ebaaa218614f58fac829ea90b0593e6\" style=\"margin-top:0;margin-right:0;margin-bottom:0;margin-left:0\"><a rel=\"noreferrer noopener\" href=\"https:\/\/deref-gmx.net\/mail\/client\/i530TVN-G1Y\/dereferrer\/?redirectUrl=http%3A%2F%2Fwww.volkermoritz.com%2F\" target=\"_blank\"><strong>www.volkermoritz.com<\/strong><\/a><\/p>\n<\/div>\n<\/div>\n","protected":false},"excerpt":{"rendered":"<p>Die fachliche Verantwortung und Gesamtleitung der Grundausbildung liegen bei Karin Arquisch und Corinne Leemann. Gastreferentinnen erg\u00e4nzen das Team in einzelnen Bl\u00f6cken. Nach Bedarf werden weitere externe Dozent:innen eingeladen. Das Ausbildungsteam stellen wir hier kurz vor: Ariane Gerber und Cornelia Knuchel sind die urspr\u00fcnglichen Initiantinnen des Projekts. Sie haben lange von dieser Ausbildung getr\u00e4umt und haben [&hellip;]<\/p>\n","protected":false},"author":4,"featured_media":0,"parent":143,"menu_order":0,"comment_status":"closed","ping_status":"closed","template":"page-no-separators","meta":{"footnotes":""},"class_list":["post-142","page","type-page","status-publish","hentry"],"_links":{"self":[{"href":"https:\/\/yigs.ch\/home\/wp-json\/wp\/v2\/pages\/142","targetHints":{"allow":["GET"]}}],"collection":[{"href":"https:\/\/yigs.ch\/home\/wp-json\/wp\/v2\/pages"}],"about":[{"href":"https:\/\/yigs.ch\/home\/wp-json\/wp\/v2\/types\/page"}],"author":[{"embeddable":true,"href":"https:\/\/yigs.ch\/home\/wp-json\/wp\/v2\/users\/4"}],"replies":[{"embeddable":true,"href":"https:\/\/yigs.ch\/home\/wp-json\/wp\/v2\/comments?post=142"}],"version-history":[{"count":14,"href":"https:\/\/yigs.ch\/home\/wp-json\/wp\/v2\/pages\/142\/revisions"}],"predecessor-version":[{"id":788,"href":"https:\/\/yigs.ch\/home\/wp-json\/wp\/v2\/pages\/142\/revisions\/788"}],"up":[{"embeddable":true,"href":"https:\/\/yigs.ch\/home\/wp-json\/wp\/v2\/pages\/143"}],"wp:attachment":[{"href":"https:\/\/yigs.ch\/home\/wp-json\/wp\/v2\/media?parent=142"}],"curies":[{"name":"wp","href":"https:\/\/api.w.org\/{rel}","templated":true}]}}